{"id":3437,"date":"2024-04-27T11:39:01","date_gmt":"2024-04-27T09:39:01","guid":{"rendered":"https:\/\/192.168.1.141\/wordpress\/?page_id=3437"},"modified":"2024-04-27T11:39:43","modified_gmt":"2024-04-27T09:39:43","slug":"nino","status":"publish","type":"page","link":"https:\/\/alesor.synology.me\/wordpress\/?page_id=3437","title":{"rendered":"NINO"},"content":{"rendered":"<style>.elementor-3437 .elementor-element.elementor-element-683e92a{--display:flex;}.elementor-widget-text-editor{font-family:var( --e-global-typography-text-font-family ), Sans-serif;font-weight:var( --e-global-typography-text-font-weight );color:var( --e-global-color-text );}.elementor-widget-text-editor.elementor-drop-cap-view-stacked .elementor-drop-cap{background-color:var( --e-global-color-primary );}.elementor-widget-text-editor.elementor-drop-cap-view-framed .elementor-drop-cap, .elementor-widget-text-editor.elementor-drop-cap-view-default .elementor-drop-cap{color:var( --e-global-color-primary );border-color:var( --e-global-color-primary );}.elementor-widget-image .widget-image-caption{color:var( --e-global-color-text );font-family:var( --e-global-typography-text-font-family ), Sans-serif;font-weight:var( --e-global-typography-text-font-weight );}<\/style>\t\t<div data-elementor-type=\"wp-page\" data-elementor-id=\"3437\" class=\"elementor elementor-3437\">\n\t\t\t\t<div class=\"elementor-element elementor-element-683e92a e-flex e-con-boxed e-con e-parent\" data-id=\"683e92a\" data-element_type=\"container\" data-e-type=\"container\">\n\t\t\t\t\t<div class=\"e-con-inner\">\n\t\t\t\t<div class=\"elementor-element elementor-element-6bb1790 elementor-widget elementor-widget-text-editor\" data-id=\"6bb1790\" data-element_type=\"widget\" data-e-type=\"widget\" data-widget_type=\"text-editor.default\">\n\t\t\t\t<div class=\"elementor-widget-container\">\n\t\t\t\t\t\t\t\t\t<p align=\"justify\">Nino, abbreviativo\u00a0 di Marco Lisi, ha anche un altro soprannome:\u00a0&#8216; the doctor 46 &#8216;;\u00a0nato il 5 agosto 1987,\u00a0inizia la\u00a0avventura nel Gruppo durante\u00a0il percorso liceale (anch&#8217;egli studia e si diploma al liceo Talete) iscrivendosi alla mitica sezione G!<br clear=\"all\" \/>Il ragazzo adora frequentare feste e festini, anche perch\u00e8 sa che l\u00ec pu\u00f2 mettere in mostra senza problemi\u00a0la sua stravagante simpatia e ilarit\u00e0, qualit\u00e0 con cui riesce ad animare anche le serate pi\u00f9 spente, e dove pu\u00f2 approfondire e mostrare un&#8217;altra sua caratteristica: quella di playboy. Senza vergogna ne paura si getta in mezzo alle scene, specialmente quelle piene di ragazze. Cerca di valorizzare le sue qualit\u00e0 anche nelle discoteche dove pu\u00f2 mettere in azione il radar-cerca-fighe e passare all&#8217;azione; da qui il famoso detto\u00a0&#8220;stasera sbianco casa&#8221;, frase con cui si scusava di non poter uscire con noi,\u00a0poich\u00e8 doveva andare al suo paese in provincia di Frosinone,\u00a0porto di sesso sicuro dove potersi\u00a0rifugiare senza\u00a0andare\u00a0in bianco. Da questo la carica di Presidente della Conf Imbianchini, avuta per ovvi motivi.<br \/>Il grosso problema di questo ragazzo \u00e8 l&#8217;alta quantit\u00e0 di pali, ossia appuntamenti andati male, che ha ricevuto (ricordiamo una grossa possibilit\u00e0 con una ragazza che chiameremo La Bionda durante la gita a Praga: lei lo venne a cercare nel cuore della notte bussando alla porta della sua stanza, sicura di trovare un posto sicuro dove rifugiarsi, ma erroreamente Nino le sbatt\u00e8 la porta in faccia!!). Ma, dopo numerose delusioni,\u00a0riesce a trovare una ragzza fissa ed innamorata di lui, con cui ancora passa la maggior parte del suo tempo.<br \/>Il tempo rimanente, invece, lo passa in compagnia della sua moto, una XT 660 X, che\u00a0finalmente ha soppiantato il vecchio SH 125; questa \u00e8 l&#8217;altra passione di Nino, che ha dovuto aspettare ben quattro anni prima di veder realizzato il sogno di giudare una seria dueruote. Sogno sempre avuto, rafforzato dalla notevole conoscenza di motori e di guida, che lo ha portato ad essere il Ministro dei Motori.<br \/>Nonostante a scuola i suoi risultati non siano mai stati eccelsi, \u00e8 riuscito ad uscirne sano e salvo senza perdere anni.. In definitiva\u00a0\u00e8 cresciuto e adesso, con tutte le sue esperienze, possiamo definirlo\u00a0un vero Uomo.\u00a0<br \/><br \/>\u00a0\u00a0\u00a0\u00a0\u00a0\u00a0\u00a0\u00a0\u00a0\u00a0\u00a0\u00a0\u00a0\u00a0\u00a0\u00a0\u00a0\u00a0\u00a0\u00a0\u00a0\u00a0\u00a0\u00a0\u00a0\u00a0\u00a0\u00a0\u00a0\u00a0\u00a0\u00a0\u00a0\u00a0\u00a0\u00a0\u00a0\u00a0\u00a0\u00a0\u00a0\u00a0\u00a0\u00a0\u00a0\u00a0\u00a0\u00a0\u00a0\u00a0\u00a0\u00a0\u00a0\u00a0\u00a0\u00a0\u00a0\u00a0\u00a0\u00a0\u00a0\u00a0\u00a0\u00a0\u00a0\u00a0\u00a0\u00a0\u00a0\u00a0\u00a0\u00a0\u00a0\u00a0\u00a0\u00a0\u00a0\u00a0\u00a0\u00a0\u00a0\u00a0\u00a0\u00a0\u00a0\u00a0\u00a0\u00a0\u00a0\u00a0\u00a0\u00a0\u00a0\u00a0\u00a0\u00a0\u00a0\u00a0\u00a0\u00a0\u00a0\u00a0\u00a0\u00a0\u00a0\u00a0\u00a0\u00a0\u00a0\u00a0\u00a0\u00a0\u00a0\u00a0\u00a0\u00a0\u00a0\u00a0\u00a0\u00a0\u00a0\u00a0\u00a0\u00a0\u00a0\u00a0\u00a0\u00a0\u00a0\u00a0\u00a0\u00a0\u00a0\u00a0\u00a0Milord<\/p><p align=\"justify\">Chi \u00e8 Nino un anno dopo?<br \/>Boh, uscendo con amici diversi ci si vede poco, comunque non sembra cambiato, anzi si, ormai lavora e fra un p\u00f2 si sposa&#8230;\u00a0 grande Nino<\/p><p align=\"justify\">\u00a0\u00a0\u00a0\u00a0\u00a0\u00a0\u00a0\u00a0\u00a0\u00a0\u00a0\u00a0\u00a0\u00a0\u00a0\u00a0\u00a0\u00a0\u00a0\u00a0\u00a0\u00a0\u00a0\u00a0\u00a0\u00a0\u00a0\u00a0\u00a0\u00a0\u00a0\u00a0\u00a0\u00a0\u00a0\u00a0\u00a0\u00a0\u00a0\u00a0\u00a0\u00a0\u00a0\u00a0\u00a0\u00a0\u00a0\u00a0\u00a0\u00a0\u00a0\u00a0\u00a0\u00a0\u00a0\u00a0\u00a0\u00a0\u00a0\u00a0\u00a0\u00a0\u00a0\u00a0\u00a0\u00a0\u00a0\u00a0\u00a0\u00a0\u00a0\u00a0\u00a0\u00a0\u00a0\u00a0\u00a0\u00a0\u00a0\u00a0\u00a0\u00a0\u00a0\u00a0\u00a0\u00a0\u00a0\u00a0\u00a0\u00a0\u00a0\u00a0\u00a0\u00a0\u00a0\u00a0\u00a0\u00a0\u00a0\u00a0\u00a0\u00a0\u00a0\u00a0\u00a0\u00a0\u00a0\u00a0\u00a0\u00a0\u00a0\u00a0\u00a0\u00a0\u00a0\u00a0\u00a0\u00a0\u00a0\u00a0\u00a0\u00a0\u00a0\u00a0\u00a0\u00a0\u00a0\u00a0\u00a0\u00a0\u00a0\u00a0\u00a0 Ciubo\u00a0<\/p>\t\t\t\t\t\t\t\t<\/div>\n\t\t\t\t<\/div>\n\t\t\t\t<div class=\"elementor-element elementor-element-ae83c11 elementor-widget elementor-widget-image\" data-id=\"ae83c11\" data-element_type=\"widget\" data-e-type=\"widget\" data-widget_type=\"image.default\">\n\t\t\t\t<div class=\"elementor-widget-container\">\n\t\t\t\t\t\t\t\t\t\t\t\t\t\t\t<img fetchpriority=\"high\" decoding=\"async\" width=\"2486\" height=\"516\" src=\"https:\/\/alesor.synology.me\/wordpress\/wp-content\/uploads\/2024\/04\/Screenshot-2024-04-27-alle-11.39.24.png\" class=\"attachment-full size-full wp-image-3439\" alt=\"\" srcset=\"https:\/\/alesor.synology.me\/wordpress\/wp-content\/uploads\/2024\/04\/Screenshot-2024-04-27-alle-11.39.24.png 2486w, https:\/\/alesor.synology.me\/wordpress\/wp-content\/uploads\/2024\/04\/Screenshot-2024-04-27-alle-11.39.24-300x62.png 300w, https:\/\/alesor.synology.me\/wordpress\/wp-content\/uploads\/2024\/04\/Screenshot-2024-04-27-alle-11.39.24-1024x213.png 1024w, https:\/\/alesor.synology.me\/wordpress\/wp-content\/uploads\/2024\/04\/Screenshot-2024-04-27-alle-11.39.24-768x159.png 768w, https:\/\/alesor.synology.me\/wordpress\/wp-content\/uploads\/2024\/04\/Screenshot-2024-04-27-alle-11.39.24-1536x319.png 1536w, https:\/\/alesor.synology.me\/wordpress\/wp-content\/uploads\/2024\/04\/Screenshot-2024-04-27-alle-11.39.24-2048x425.png 2048w\" sizes=\"(max-width: 2486px) 100vw, 2486px\" \/>\t\t\t\t\t\t\t\t\t\t\t\t\t\t\t<\/div>\n\t\t\t\t<\/div>\n\t\t\t\t\t<\/div>\n\t\t\t\t<\/div>\n\t\t\t\t<\/div>\n\t\t","protected":false},"excerpt":{"rendered":"<p>Nino, abbreviativo\u00a0 di Marco Lisi, ha anche un altro soprannome:\u00a0&#8216; the doctor 46 &#8216;;\u00a0nato il 5 agosto 1987,\u00a0inizia la\u00a0avventura nel Gruppo durante\u00a0il percorso liceale (anch&#8217;egli studia e si diploma al liceo Talete) iscrivendosi alla mitica sezione G!Il ragazzo adora frequentare feste e festini, anche perch\u00e8 sa che l\u00ec pu\u00f2 mettere in mostra senza problemi\u00a0la sua [&hellip;]<\/p>\n","protected":false},"author":1,"featured_media":0,"parent":0,"menu_order":0,"comment_status":"closed","ping_status":"closed","template":"","meta":{"ngg_post_thumbnail":0,"footnotes":""},"wf_page_folders":[8],"class_list":["post-3437","page","type-page","status-publish","hentry"],"_links":{"self":[{"href":"https:\/\/alesor.synology.me\/wordpress\/index.php?rest_route=\/wp\/v2\/pages\/3437","targetHints":{"allow":["GET"]}}],"collection":[{"href":"https:\/\/alesor.synology.me\/wordpress\/index.php?rest_route=\/wp\/v2\/pages"}],"about":[{"href":"https:\/\/alesor.synology.me\/wordpress\/index.php?rest_route=\/wp\/v2\/types\/page"}],"author":[{"embeddable":true,"href":"https:\/\/alesor.synology.me\/wordpress\/index.php?rest_route=\/wp\/v2\/users\/1"}],"replies":[{"embeddable":true,"href":"https:\/\/alesor.synology.me\/wordpress\/index.php?rest_route=%2Fwp%2Fv2%2Fcomments&post=3437"}],"version-history":[{"count":4,"href":"https:\/\/alesor.synology.me\/wordpress\/index.php?rest_route=\/wp\/v2\/pages\/3437\/revisions"}],"predecessor-version":[{"id":3442,"href":"https:\/\/alesor.synology.me\/wordpress\/index.php?rest_route=\/wp\/v2\/pages\/3437\/revisions\/3442"}],"wp:attachment":[{"href":"https:\/\/alesor.synology.me\/wordpress\/index.php?rest_route=%2Fwp%2Fv2%2Fmedia&parent=3437"}],"wp:term":[{"taxonomy":"wf_page_folders","embeddable":true,"href":"https:\/\/alesor.synology.me\/wordpress\/index.php?rest_route=%2Fwp%2Fv2%2Fwf_page_folders&post=3437"}],"curies":[{"name":"wp","href":"https:\/\/api.w.org\/{rel}","templated":true}]}}