{"id":3424,"date":"2024-04-27T11:36:06","date_gmt":"2024-04-27T09:36:06","guid":{"rendered":"https:\/\/192.168.1.141\/wordpress\/?page_id=3424"},"modified":"2024-04-27T11:37:27","modified_gmt":"2024-04-27T09:37:27","slug":"federica","status":"publish","type":"page","link":"https:\/\/alesor.synology.me\/wordpress\/?page_id=3424","title":{"rendered":"FEDERICA"},"content":{"rendered":"<style>.elementor-3424 .elementor-element.elementor-element-f1452dc{--display:flex;}.elementor-widget-text-editor{font-family:var( --e-global-typography-text-font-family ), Sans-serif;font-weight:var( --e-global-typography-text-font-weight );color:var( --e-global-color-text );}.elementor-widget-text-editor.elementor-drop-cap-view-stacked .elementor-drop-cap{background-color:var( --e-global-color-primary );}.elementor-widget-text-editor.elementor-drop-cap-view-framed .elementor-drop-cap, .elementor-widget-text-editor.elementor-drop-cap-view-default .elementor-drop-cap{color:var( --e-global-color-primary );border-color:var( --e-global-color-primary );}.elementor-widget-image .widget-image-caption{color:var( --e-global-color-text );font-family:var( --e-global-typography-text-font-family ), Sans-serif;font-weight:var( --e-global-typography-text-font-weight );}<\/style>\t\t<div data-elementor-type=\"wp-page\" data-elementor-id=\"3424\" class=\"elementor elementor-3424\">\n\t\t\t\t<div class=\"elementor-element elementor-element-f1452dc e-flex e-con-boxed e-con e-parent\" data-id=\"f1452dc\" data-element_type=\"container\" data-e-type=\"container\">\n\t\t\t\t\t<div class=\"e-con-inner\">\n\t\t\t\t<div class=\"elementor-element elementor-element-ee9ee1b elementor-widget elementor-widget-text-editor\" data-id=\"ee9ee1b\" data-element_type=\"widget\" data-e-type=\"widget\" data-widget_type=\"text-editor.default\">\n\t\t\t\t<div class=\"elementor-widget-container\">\n\t\t\t\t\t\t\t\t\t<p align=\"justify\">Federica Petrongari, nata il 2 luglio 1987 a Roma ed ivi residente. Anch&#8217;essa diplomata al liceo scientifico Talete nella stessa classe G che port\u00f2 alla ribalta altri componenti del suddetto gruppo. Ora frequenta la facolt\u00e0 di Ingegneria Edile-Architettura, l&#8217;unica rimasta con la laurea di cinque anni. E&#8217; stata per un paio d&#8217;anni l&#8217;unica ragazza del gruppo e questo le ha dato una certa posizione di riguardo, finch\u00e8 con l&#8217;avvento e la complicit\u00e0 di Valentina, ha tentato di prendere il potere e i diritti decisionali; per nostra fortuna questa supremazia femminile ha avuto ben poca vita. Le \u00e8 stato donato il suddetto ministero, per le sue prosperose curve da pin-up e per la sua capacit\u00e0 di organizzazione del divertimento.<br \/>E&#8217; stata per ben quattro anni felicemente fidanzata con Mattia, ma questa storia, sembra con molti dispiaceri, essere arrivata al capolinea. Ragazza in gamba, riesce a cavarsela egregiamente in molte occasioni: lo studio eccellente, nonostante il poco tempo passato sui libri, lo sport, tra pallavolo e palestra, per mantenere sempre integro il fisico, la danza, nonostante le poche lezioni di balli latino-americani, lo shopping, altro elemento base per essere una perfetta prima donna. Tutte caratteristiche che l&#8217;hanno portata a farsi amare da tutti noi..<br \/>Come Valentina, le due ragazze sono considerate le sorelle di\u00a0noi tutti. Soprattutto da chi ormai la conosce e la sopporta (perch\u00e8 le ragazze mettono a dura prova la nostra sopportazione e pazienza) da nove anni, come il Pucia o il Kenzio, o il Masa.. Ma anche da chi, come Padre Spica, Ciubo e Milord, cominciano a sentire il &#8216;peso&#8217; di questa persona da soli cinque anni.<br \/>Che altro dire: dopotutto con una sorella si litiga, ma in fondo in fondo, le si vuole un gran bene; anche, e soprattutto, quando si impunta su qualche particolare e per farla ragionare bisogna un po&#8217; litigarci..\u00a0<br \/><br \/>\u00a0\u00a0\u00a0\u00a0\u00a0\u00a0\u00a0\u00a0\u00a0\u00a0\u00a0\u00a0\u00a0\u00a0\u00a0\u00a0\u00a0\u00a0\u00a0\u00a0\u00a0\u00a0\u00a0\u00a0\u00a0\u00a0\u00a0\u00a0\u00a0\u00a0\u00a0\u00a0\u00a0\u00a0\u00a0\u00a0\u00a0\u00a0\u00a0\u00a0\u00a0\u00a0\u00a0\u00a0\u00a0\u00a0\u00a0\u00a0\u00a0\u00a0\u00a0\u00a0\u00a0\u00a0\u00a0\u00a0\u00a0\u00a0\u00a0\u00a0\u00a0\u00a0\u00a0\u00a0\u00a0\u00a0\u00a0\u00a0\u00a0\u00a0\u00a0\u00a0\u00a0\u00a0\u00a0\u00a0\u00a0\u00a0\u00a0\u00a0\u00a0\u00a0\u00a0\u00a0\u00a0\u00a0\u00a0\u00a0\u00a0\u00a0\u00a0\u00a0\u00a0\u00a0\u00a0\u00a0\u00a0\u00a0\u00a0\u00a0\u00a0\u00a0\u00a0\u00a0\u00a0\u00a0\u00a0\u00a0\u00a0\u00a0\u00a0\u00a0\u00a0\u00a0\u00a0\u00a0\u00a0\u00a0\u00a0\u00a0\u00a0\u00a0\u00a0\u00a0\u00a0\u00a0\u00a0\u00a0\u00a0\u00a0\u00a0\u00a0\u00a0\u00a0\u00a0Milord<\/p><p align=\"justify\">Chi \u00e8 Federica un anno dopo?<br \/>Credo che Federica sia cambiata durante quest&#8217;anno&#8230; non so precisamente dove, per\u00f2 direi che si\u00a0intuisce qualche\u00a0sorta di cambiamento in lei, penso sia dovuto al fatto che \u00e8 definitivamente finita la sua storia con Mattia&#8230; come sar\u00e0 diventata lo dobbiamo ancora scoprire&#8230; ha cominciato a frequentare molto i suoi amici dell&#8217;universit\u00e0 assieme a Mery, quindi magari cominceremo a vedere meno anche lei&#8230; staremo a vedere<\/p><p align=\"justify\">\u00a0\u00a0\u00a0\u00a0\u00a0\u00a0\u00a0\u00a0\u00a0\u00a0\u00a0\u00a0\u00a0\u00a0\u00a0\u00a0\u00a0\u00a0\u00a0\u00a0\u00a0\u00a0\u00a0\u00a0\u00a0\u00a0\u00a0\u00a0\u00a0\u00a0\u00a0\u00a0\u00a0\u00a0\u00a0\u00a0\u00a0\u00a0\u00a0\u00a0\u00a0\u00a0\u00a0\u00a0\u00a0\u00a0\u00a0\u00a0\u00a0\u00a0\u00a0\u00a0\u00a0\u00a0\u00a0\u00a0\u00a0\u00a0\u00a0\u00a0\u00a0\u00a0\u00a0\u00a0\u00a0\u00a0\u00a0\u00a0\u00a0\u00a0\u00a0\u00a0\u00a0\u00a0\u00a0\u00a0\u00a0\u00a0\u00a0\u00a0\u00a0\u00a0\u00a0\u00a0\u00a0\u00a0\u00a0\u00a0\u00a0\u00a0\u00a0\u00a0\u00a0\u00a0\u00a0\u00a0\u00a0\u00a0\u00a0\u00a0\u00a0\u00a0\u00a0\u00a0\u00a0\u00a0\u00a0\u00a0\u00a0\u00a0\u00a0\u00a0\u00a0\u00a0\u00a0\u00a0\u00a0\u00a0\u00a0\u00a0\u00a0\u00a0\u00a0\u00a0\u00a0\u00a0\u00a0\u00a0\u00a0\u00a0\u00a0 Ciubo<\/p>\t\t\t\t\t\t\t\t<\/div>\n\t\t\t\t<\/div>\n\t\t\t\t<div class=\"elementor-element elementor-element-628f798 elementor-widget elementor-widget-image\" data-id=\"628f798\" data-element_type=\"widget\" data-e-type=\"widget\" data-widget_type=\"image.default\">\n\t\t\t\t<div class=\"elementor-widget-container\">\n\t\t\t\t\t\t\t\t\t\t\t\t\t\t\t<img fetchpriority=\"high\" decoding=\"async\" width=\"2518\" height=\"628\" src=\"https:\/\/alesor.synology.me\/wordpress\/wp-content\/uploads\/2024\/04\/Screenshot-2024-04-27-alle-11.36.27.png\" class=\"attachment-full size-full wp-image-3426\" alt=\"\" srcset=\"https:\/\/alesor.synology.me\/wordpress\/wp-content\/uploads\/2024\/04\/Screenshot-2024-04-27-alle-11.36.27.png 2518w, https:\/\/alesor.synology.me\/wordpress\/wp-content\/uploads\/2024\/04\/Screenshot-2024-04-27-alle-11.36.27-300x75.png 300w, https:\/\/alesor.synology.me\/wordpress\/wp-content\/uploads\/2024\/04\/Screenshot-2024-04-27-alle-11.36.27-1024x255.png 1024w, https:\/\/alesor.synology.me\/wordpress\/wp-content\/uploads\/2024\/04\/Screenshot-2024-04-27-alle-11.36.27-768x192.png 768w, https:\/\/alesor.synology.me\/wordpress\/wp-content\/uploads\/2024\/04\/Screenshot-2024-04-27-alle-11.36.27-1536x383.png 1536w, https:\/\/alesor.synology.me\/wordpress\/wp-content\/uploads\/2024\/04\/Screenshot-2024-04-27-alle-11.36.27-2048x511.png 2048w\" sizes=\"(max-width: 2518px) 100vw, 2518px\" \/>\t\t\t\t\t\t\t\t\t\t\t\t\t\t\t<\/div>\n\t\t\t\t<\/div>\n\t\t\t\t<div class=\"elementor-element elementor-element-c907326 elementor-widget elementor-widget-image\" data-id=\"c907326\" data-element_type=\"widget\" data-e-type=\"widget\" data-widget_type=\"image.default\">\n\t\t\t\t<div class=\"elementor-widget-container\">\n\t\t\t\t\t\t\t\t\t\t\t\t\t\t\t<img decoding=\"async\" width=\"2634\" height=\"974\" src=\"https:\/\/alesor.synology.me\/wordpress\/wp-content\/uploads\/2024\/04\/Screenshot-2024-04-27-alle-11.36.55.png\" class=\"attachment-full size-full wp-image-3427\" alt=\"\" srcset=\"https:\/\/alesor.synology.me\/wordpress\/wp-content\/uploads\/2024\/04\/Screenshot-2024-04-27-alle-11.36.55.png 2634w, https:\/\/alesor.synology.me\/wordpress\/wp-content\/uploads\/2024\/04\/Screenshot-2024-04-27-alle-11.36.55-300x111.png 300w, https:\/\/alesor.synology.me\/wordpress\/wp-content\/uploads\/2024\/04\/Screenshot-2024-04-27-alle-11.36.55-1024x379.png 1024w, https:\/\/alesor.synology.me\/wordpress\/wp-content\/uploads\/2024\/04\/Screenshot-2024-04-27-alle-11.36.55-768x284.png 768w, https:\/\/alesor.synology.me\/wordpress\/wp-content\/uploads\/2024\/04\/Screenshot-2024-04-27-alle-11.36.55-1536x568.png 1536w, https:\/\/alesor.synology.me\/wordpress\/wp-content\/uploads\/2024\/04\/Screenshot-2024-04-27-alle-11.36.55-2048x757.png 2048w\" sizes=\"(max-width: 2634px) 100vw, 2634px\" \/>\t\t\t\t\t\t\t\t\t\t\t\t\t\t\t<\/div>\n\t\t\t\t<\/div>\n\t\t\t\t\t<\/div>\n\t\t\t\t<\/div>\n\t\t\t\t<\/div>\n\t\t","protected":false},"excerpt":{"rendered":"<p>Federica Petrongari, nata il 2 luglio 1987 a Roma ed ivi residente. Anch&#8217;essa diplomata al liceo scientifico Talete nella stessa classe G che port\u00f2 alla ribalta altri componenti del suddetto gruppo. Ora frequenta la facolt\u00e0 di Ingegneria Edile-Architettura, l&#8217;unica rimasta con la laurea di cinque anni. E&#8217; stata per un paio d&#8217;anni l&#8217;unica ragazza del [&hellip;]<\/p>\n","protected":false},"author":1,"featured_media":0,"parent":0,"menu_order":0,"comment_status":"closed","ping_status":"closed","template":"","meta":{"ngg_post_thumbnail":0,"footnotes":""},"wf_page_folders":[8],"class_list":["post-3424","page","type-page","status-publish","hentry"],"_links":{"self":[{"href":"https:\/\/alesor.synology.me\/wordpress\/index.php?rest_route=\/wp\/v2\/pages\/3424","targetHints":{"allow":["GET"]}}],"collection":[{"href":"https:\/\/alesor.synology.me\/wordpress\/index.php?rest_route=\/wp\/v2\/pages"}],"about":[{"href":"https:\/\/alesor.synology.me\/wordpress\/index.php?rest_route=\/wp\/v2\/types\/page"}],"author":[{"embeddable":true,"href":"https:\/\/alesor.synology.me\/wordpress\/index.php?rest_route=\/wp\/v2\/users\/1"}],"replies":[{"embeddable":true,"href":"https:\/\/alesor.synology.me\/wordpress\/index.php?rest_route=%2Fwp%2Fv2%2Fcomments&post=3424"}],"version-history":[{"count":4,"href":"https:\/\/alesor.synology.me\/wordpress\/index.php?rest_route=\/wp\/v2\/pages\/3424\/revisions"}],"predecessor-version":[{"id":3430,"href":"https:\/\/alesor.synology.me\/wordpress\/index.php?rest_route=\/wp\/v2\/pages\/3424\/revisions\/3430"}],"wp:attachment":[{"href":"https:\/\/alesor.synology.me\/wordpress\/index.php?rest_route=%2Fwp%2Fv2%2Fmedia&parent=3424"}],"wp:term":[{"taxonomy":"wf_page_folders","embeddable":true,"href":"https:\/\/alesor.synology.me\/wordpress\/index.php?rest_route=%2Fwp%2Fv2%2Fwf_page_folders&post=3424"}],"curies":[{"name":"wp","href":"https:\/\/api.w.org\/{rel}","templated":true}]}}