{"id":3400,"date":"2024-04-27T11:31:19","date_gmt":"2024-04-27T09:31:19","guid":{"rendered":"https:\/\/192.168.1.141\/wordpress\/?page_id=3400"},"modified":"2024-04-27T11:32:05","modified_gmt":"2024-04-27T09:32:05","slug":"fashion-e-martina","status":"publish","type":"page","link":"https:\/\/alesor.synology.me\/wordpress\/?page_id=3400","title":{"rendered":"FASHION e MARTINA"},"content":{"rendered":"<style>.elementor-3400 .elementor-element.elementor-element-58c1c6d{--display:flex;}.elementor-widget-text-editor{font-family:var( --e-global-typography-text-font-family ), Sans-serif;font-weight:var( --e-global-typography-text-font-weight );color:var( --e-global-color-text );}.elementor-widget-text-editor.elementor-drop-cap-view-stacked .elementor-drop-cap{background-color:var( --e-global-color-primary );}.elementor-widget-text-editor.elementor-drop-cap-view-framed .elementor-drop-cap, .elementor-widget-text-editor.elementor-drop-cap-view-default .elementor-drop-cap{color:var( --e-global-color-primary );border-color:var( --e-global-color-primary );}.elementor-widget-image .widget-image-caption{color:var( --e-global-color-text );font-family:var( --e-global-typography-text-font-family ), Sans-serif;font-weight:var( --e-global-typography-text-font-weight );}<\/style>\t\t<div data-elementor-type=\"wp-page\" data-elementor-id=\"3400\" class=\"elementor elementor-3400\">\n\t\t\t\t<div class=\"elementor-element elementor-element-58c1c6d e-flex e-con-boxed e-con e-parent\" data-id=\"58c1c6d\" data-element_type=\"container\" data-e-type=\"container\">\n\t\t\t\t\t<div class=\"e-con-inner\">\n\t\t\t\t<div class=\"elementor-element elementor-element-4bf7a4f elementor-widget elementor-widget-text-editor\" data-id=\"4bf7a4f\" data-element_type=\"widget\" data-e-type=\"widget\" data-widget_type=\"text-editor.default\">\n\t\t\t\t<div class=\"elementor-widget-container\">\n\t\t\t\t\t\t\t\t\t<p align=\"justify\">Fashion, per tutti Luca Marani, nato il 7 marzo 1988 si diploma, in maniera del tutto scandalosa al liceo Talete, affermando di essere una persona che studiava, con un voto talmente incredibile che preferiamo non riportare. Adesso studia Economia all&#8217;universit\u00e0 romana di Tor Vergata. Della sua vita ricordiamo solo alcuni fatti salienti per farlo conoscere: \u00e8 ormai da tempo infinito un rappresentante degli AGESCI di Roma, ossia uno scout; scalando le gerarchie \u00e8 passato da semplice Lupetto a Capo Branco con grande soddisfazione della sua famiglia che ne apprezza sempre le gesta eroiche. Come potete, inoltre, leggere sulla biografia del Ciubo, diede una gran mano al Ciubo a cambiare la sua vita, grazie alla sua abilit\u00e0 di stilista di se stesso, che lo ha portato ad essere il capo di un prestigioso ministero. Il Fashion prende il suo nome dall suo particolare e innovativo stile di inventiva vestiaria, che lo ha anche caratterizzato come uno dei ragazzi pi\u00f9 IN dell&#8217;intera zona ciprese. Sempre pieno di ragazze, ha preferito poggiare gli occhi e soffermarsi su un solo fiore, Martina, che anche in questa occasione lo accompagna come vice ministro.<\/p><p align=\"justify\">Anche lei piena di abilit\u00e0 modaiole, \u00e8 sicuramente la persona adatta per il Fashion. Dopo aver studiato al liceo classico Mamiani ed aver conseguito il diploma con un ottimo voto, adesso frequenta Legge all&#8217;universit\u00e0 privata LUISS. Entra a far parte del gruppo solo alcuni anni fa, quando si afferma come ragazza del Fashion e da allora non ne \u00e8 pi\u00f9 uscita, con nostro sommo piacere..<\/p><p align=\"justify\">La ragazza di animo pi\u00f9 buono e sensibile rispetto al Fashion, che (occhio a metterselo contro!) pu\u00f2 diventare un vero e proprio str&#8230; se lo si tocca sul vivo.. In realt\u00e0 questa \u00e8 una coppia che si compensa egregiamente e che ha una forte influenza positiva nel gruppo.. Quindi insieme sono perfetti; presi singolarmente un po&#8217; meno..\u00a0<br \/><br \/>\u00a0\u00a0\u00a0\u00a0\u00a0\u00a0\u00a0\u00a0\u00a0\u00a0\u00a0\u00a0\u00a0\u00a0\u00a0\u00a0\u00a0\u00a0\u00a0\u00a0\u00a0\u00a0\u00a0\u00a0\u00a0\u00a0\u00a0\u00a0\u00a0\u00a0\u00a0\u00a0\u00a0\u00a0\u00a0\u00a0\u00a0\u00a0\u00a0\u00a0\u00a0\u00a0\u00a0\u00a0\u00a0\u00a0\u00a0\u00a0\u00a0\u00a0\u00a0\u00a0\u00a0\u00a0\u00a0\u00a0\u00a0\u00a0\u00a0\u00a0\u00a0\u00a0\u00a0\u00a0\u00a0\u00a0\u00a0\u00a0\u00a0\u00a0\u00a0\u00a0\u00a0\u00a0\u00a0\u00a0\u00a0\u00a0\u00a0\u00a0\u00a0\u00a0\u00a0\u00a0\u00a0\u00a0\u00a0\u00a0\u00a0\u00a0\u00a0\u00a0\u00a0\u00a0\u00a0\u00a0\u00a0\u00a0\u00a0\u00a0\u00a0\u00a0\u00a0\u00a0\u00a0\u00a0\u00a0\u00a0\u00a0\u00a0\u00a0\u00a0\u00a0\u00a0\u00a0\u00a0\u00a0\u00a0\u00a0\u00a0\u00a0\u00a0\u00a0\u00a0\u00a0\u00a0\u00a0\u00a0\u00a0\u00a0\u00a0\u00a0\u00a0\u00a0\u00a0Milord<\/p>\t\t\t\t\t\t\t\t<\/div>\n\t\t\t\t<\/div>\n\t\t\t\t<div class=\"elementor-element elementor-element-630072c elementor-widget elementor-widget-image\" data-id=\"630072c\" data-element_type=\"widget\" data-e-type=\"widget\" data-widget_type=\"image.default\">\n\t\t\t\t<div class=\"elementor-widget-container\">\n\t\t\t\t\t\t\t\t\t\t\t\t\t\t\t<img fetchpriority=\"high\" decoding=\"async\" width=\"800\" height=\"195\" src=\"https:\/\/alesor.synology.me\/wordpress\/wp-content\/uploads\/2024\/04\/Screenshot-2024-04-27-alle-11.31.44-1024x249.png\" class=\"attachment-large size-large wp-image-3402\" alt=\"\" srcset=\"https:\/\/alesor.synology.me\/wordpress\/wp-content\/uploads\/2024\/04\/Screenshot-2024-04-27-alle-11.31.44-1024x249.png 1024w, https:\/\/alesor.synology.me\/wordpress\/wp-content\/uploads\/2024\/04\/Screenshot-2024-04-27-alle-11.31.44-300x73.png 300w, https:\/\/alesor.synology.me\/wordpress\/wp-content\/uploads\/2024\/04\/Screenshot-2024-04-27-alle-11.31.44-768x187.png 768w, https:\/\/alesor.synology.me\/wordpress\/wp-content\/uploads\/2024\/04\/Screenshot-2024-04-27-alle-11.31.44-1536x374.png 1536w, https:\/\/alesor.synology.me\/wordpress\/wp-content\/uploads\/2024\/04\/Screenshot-2024-04-27-alle-11.31.44-2048x499.png 2048w\" sizes=\"(max-width: 800px) 100vw, 800px\" \/>\t\t\t\t\t\t\t\t\t\t\t\t\t\t\t<\/div>\n\t\t\t\t<\/div>\n\t\t\t\t\t<\/div>\n\t\t\t\t<\/div>\n\t\t\t\t<\/div>\n\t\t","protected":false},"excerpt":{"rendered":"<p>Fashion, per tutti Luca Marani, nato il 7 marzo 1988 si diploma, in maniera del tutto scandalosa al liceo Talete, affermando di essere una persona che studiava, con un voto talmente incredibile che preferiamo non riportare. Adesso studia Economia all&#8217;universit\u00e0 romana di Tor Vergata. Della sua vita ricordiamo solo alcuni fatti salienti per farlo conoscere: [&hellip;]<\/p>\n","protected":false},"author":1,"featured_media":0,"parent":0,"menu_order":0,"comment_status":"closed","ping_status":"closed","template":"","meta":{"ngg_post_thumbnail":0,"footnotes":""},"wf_page_folders":[8],"class_list":["post-3400","page","type-page","status-publish","hentry"],"_links":{"self":[{"href":"https:\/\/alesor.synology.me\/wordpress\/index.php?rest_route=\/wp\/v2\/pages\/3400","targetHints":{"allow":["GET"]}}],"collection":[{"href":"https:\/\/alesor.synology.me\/wordpress\/index.php?rest_route=\/wp\/v2\/pages"}],"about":[{"href":"https:\/\/alesor.synology.me\/wordpress\/index.php?rest_route=\/wp\/v2\/types\/page"}],"author":[{"embeddable":true,"href":"https:\/\/alesor.synology.me\/wordpress\/index.php?rest_route=\/wp\/v2\/users\/1"}],"replies":[{"embeddable":true,"href":"https:\/\/alesor.synology.me\/wordpress\/index.php?rest_route=%2Fwp%2Fv2%2Fcomments&post=3400"}],"version-history":[{"count":4,"href":"https:\/\/alesor.synology.me\/wordpress\/index.php?rest_route=\/wp\/v2\/pages\/3400\/revisions"}],"predecessor-version":[{"id":3405,"href":"https:\/\/alesor.synology.me\/wordpress\/index.php?rest_route=\/wp\/v2\/pages\/3400\/revisions\/3405"}],"wp:attachment":[{"href":"https:\/\/alesor.synology.me\/wordpress\/index.php?rest_route=%2Fwp%2Fv2%2Fmedia&parent=3400"}],"wp:term":[{"taxonomy":"wf_page_folders","embeddable":true,"href":"https:\/\/alesor.synology.me\/wordpress\/index.php?rest_route=%2Fwp%2Fv2%2Fwf_page_folders&post=3400"}],"curies":[{"name":"wp","href":"https:\/\/api.w.org\/{rel}","templated":true}]}}