{"id":3388,"date":"2024-04-27T11:27:36","date_gmt":"2024-04-27T09:27:36","guid":{"rendered":"https:\/\/192.168.1.141\/wordpress\/?page_id=3388"},"modified":"2024-04-27T11:28:43","modified_gmt":"2024-04-27T09:28:43","slug":"pucia-o-puja","status":"publish","type":"page","link":"https:\/\/alesor.synology.me\/wordpress\/?page_id=3388","title":{"rendered":"PUCIA o PUJA"},"content":{"rendered":"<style>.elementor-3388 .elementor-element.elementor-element-38dce6c{--display:flex;}.elementor-widget-text-editor{font-family:var( --e-global-typography-text-font-family ), Sans-serif;font-weight:var( --e-global-typography-text-font-weight );color:var( --e-global-color-text );}.elementor-widget-text-editor.elementor-drop-cap-view-stacked .elementor-drop-cap{background-color:var( --e-global-color-primary );}.elementor-widget-text-editor.elementor-drop-cap-view-framed .elementor-drop-cap, .elementor-widget-text-editor.elementor-drop-cap-view-default .elementor-drop-cap{color:var( --e-global-color-primary );border-color:var( --e-global-color-primary );}.elementor-widget-image .widget-image-caption{color:var( --e-global-color-text );font-family:var( --e-global-typography-text-font-family ), Sans-serif;font-weight:var( --e-global-typography-text-font-weight );}<\/style>\t\t<div data-elementor-type=\"wp-page\" data-elementor-id=\"3388\" class=\"elementor elementor-3388\">\n\t\t\t\t<div class=\"elementor-element elementor-element-38dce6c e-flex e-con-boxed e-con e-parent\" data-id=\"38dce6c\" data-element_type=\"container\" data-e-type=\"container\">\n\t\t\t\t\t<div class=\"e-con-inner\">\n\t\t\t\t<div class=\"elementor-element elementor-element-1e78627 elementor-widget elementor-widget-text-editor\" data-id=\"1e78627\" data-element_type=\"widget\" data-e-type=\"widget\" data-widget_type=\"text-editor.default\">\n\t\t\t\t<div class=\"elementor-widget-container\">\n\t\t\t\t\t\t\t\t\t<p align=\"justify\">Il Pucia, in arte Lorenzo Pucci, nato a Roma il 26 settembre 1987, consegue il diploma di maturit\u00e0 scientifica al liceo scientifico Talete con il risultato di 100 centesimi. In seguito si iscrive alla facolt\u00e0 di Medicina di Roma Uno, ossia La Sapienza, sita all&#8217;Ospedale Sant&#8217;Andrea, dove passa la maggior parte della sua vita.<br \/>Ottiene di diritto il magistrato della Sanit\u00e0 nel governo Ciubesco, non tanto per i meriti, quanto perch\u00e8 \u00e8 l&#8217;unico che pu\u00f2 occuparsi di questa carica.<br \/>Lo ricordiamo per alcune importanti apparizioni e performances, tra le quali il suo momento di depressione culminato con un&#8217;ubriacata pazzesca, nel quale furono mostrate a tutti alcune parti intime del suo corpo.<br \/>Il ragazzo, dopo un&#8217;infanzia e un&#8217;adolescenza passate quasi del tutto nell&#8217;anonimato e nello studio, interrotte solo dalla storia di circa un anno e mezzo con Flamina, riesce ad uscirne solo nell&#8217;ultima fase della sua esistenza ed ora vive uno dei periodi pi\u00f9 floridi della sua vita, accompagnato dalla compagna di mille avventure Valentina.<br \/>Per questo il Pucia ringrazier\u00e0 per sempre i propri genitori che, grazie all&#8217;acquisto della moto BlackJack, lo aiutarono ad uscire dal proprio tunnel; adesso continua a scorrazzare felice e spensierato nelle vie romane con il suo mezzo a due ruote.<br \/>Il Pucia pu\u00f2 vantare nel suo Curriculum Vitae personale alcuni grandi pregi, tra cui onest\u00e0, dolcezza e bont\u00e0, ma anche alcuni difetti, che i suoi amici hanno saputo sopportare, tra cui l&#8217;inesorabile ritardo e&#8230;&#8230;&#8230;..il suo culo enorme da papera che ha dato parecchi problemi (non riesce a trovare i pantaloni!).. Ma tutti gli vogliono bene anche cos\u00ec.. Questo \u00e8 il Pucia.\u00a0<br \/><br \/>\u00a0\u00a0\u00a0\u00a0\u00a0\u00a0\u00a0\u00a0\u00a0\u00a0\u00a0\u00a0\u00a0\u00a0\u00a0\u00a0\u00a0\u00a0\u00a0\u00a0\u00a0\u00a0\u00a0\u00a0\u00a0\u00a0\u00a0\u00a0\u00a0\u00a0\u00a0\u00a0\u00a0\u00a0\u00a0\u00a0\u00a0\u00a0\u00a0\u00a0\u00a0\u00a0\u00a0\u00a0\u00a0\u00a0\u00a0\u00a0\u00a0\u00a0\u00a0\u00a0\u00a0\u00a0\u00a0\u00a0\u00a0\u00a0\u00a0\u00a0\u00a0\u00a0\u00a0\u00a0\u00a0\u00a0\u00a0\u00a0\u00a0\u00a0\u00a0\u00a0\u00a0\u00a0\u00a0\u00a0\u00a0\u00a0\u00a0\u00a0\u00a0\u00a0\u00a0\u00a0\u00a0\u00a0\u00a0\u00a0\u00a0\u00a0\u00a0\u00a0\u00a0\u00a0\u00a0\u00a0\u00a0\u00a0\u00a0\u00a0\u00a0\u00a0\u00a0\u00a0\u00a0\u00a0\u00a0\u00a0\u00a0\u00a0\u00a0\u00a0\u00a0\u00a0\u00a0\u00a0\u00a0\u00a0\u00a0\u00a0\u00a0\u00a0\u00a0\u00a0\u00a0\u00a0\u00a0\u00a0\u00a0\u00a0\u00a0\u00a0\u00a0\u00a0\u00a0Milord<\/p><p align=\"justify\">Chi \u00e8 il Puja un anno dopo?<br \/>Ad un anno di distanza dalla biografia di cui sopra, il nostro\u00a0Puja non \u00e8 cambiato di una\u00a0virgola sembrerebbe&#8230; continua ad essere uguale a prima&#8230;<br \/>\u00a0\u00a0\u00a0\u00a0\u00a0\u00a0\u00a0\u00a0\u00a0\u00a0\u00a0\u00a0\u00a0\u00a0\u00a0\u00a0\u00a0\u00a0\u00a0\u00a0\u00a0\u00a0\u00a0\u00a0\u00a0\u00a0\u00a0\u00a0\u00a0\u00a0\u00a0\u00a0\u00a0\u00a0\u00a0\u00a0\u00a0\u00a0\u00a0\u00a0\u00a0\u00a0\u00a0\u00a0\u00a0\u00a0\u00a0\u00a0\u00a0\u00a0\u00a0\u00a0\u00a0\u00a0\u00a0\u00a0\u00a0\u00a0\u00a0\u00a0\u00a0\u00a0\u00a0\u00a0\u00a0\u00a0\u00a0\u00a0\u00a0\u00a0\u00a0\u00a0\u00a0\u00a0\u00a0\u00a0\u00a0\u00a0\u00a0\u00a0\u00a0\u00a0\u00a0\u00a0\u00a0\u00a0\u00a0\u00a0\u00a0\u00a0\u00a0\u00a0\u00a0\u00a0\u00a0\u00a0\u00a0\u00a0\u00a0\u00a0\u00a0\u00a0\u00a0\u00a0\u00a0\u00a0\u00a0\u00a0\u00a0\u00a0\u00a0\u00a0\u00a0\u00a0\u00a0\u00a0\u00a0\u00a0\u00a0\u00a0\u00a0\u00a0\u00a0\u00a0\u00a0\u00a0\u00a0\u00a0\u00a0\u00a0\u00a0\u00a0\u00a0 Ciubo<\/p>\t\t\t\t\t\t\t\t<\/div>\n\t\t\t\t<\/div>\n\t\t\t\t<div class=\"elementor-element elementor-element-1a2146b elementor-widget elementor-widget-image\" data-id=\"1a2146b\" data-element_type=\"widget\" data-e-type=\"widget\" data-widget_type=\"image.default\">\n\t\t\t\t<div class=\"elementor-widget-container\">\n\t\t\t\t\t\t\t\t\t\t\t\t\t\t\t<img fetchpriority=\"high\" decoding=\"async\" width=\"800\" height=\"221\" src=\"https:\/\/alesor.synology.me\/wordpress\/wp-content\/uploads\/2024\/04\/Screenshot-2024-04-27-alle-11.27.57-1024x283.png\" class=\"attachment-large size-large wp-image-3390\" alt=\"\" srcset=\"https:\/\/alesor.synology.me\/wordpress\/wp-content\/uploads\/2024\/04\/Screenshot-2024-04-27-alle-11.27.57-1024x283.png 1024w, https:\/\/alesor.synology.me\/wordpress\/wp-content\/uploads\/2024\/04\/Screenshot-2024-04-27-alle-11.27.57-300x83.png 300w, https:\/\/alesor.synology.me\/wordpress\/wp-content\/uploads\/2024\/04\/Screenshot-2024-04-27-alle-11.27.57-768x212.png 768w, https:\/\/alesor.synology.me\/wordpress\/wp-content\/uploads\/2024\/04\/Screenshot-2024-04-27-alle-11.27.57-1536x425.png 1536w, https:\/\/alesor.synology.me\/wordpress\/wp-content\/uploads\/2024\/04\/Screenshot-2024-04-27-alle-11.27.57-2048x567.png 2048w\" sizes=\"(max-width: 800px) 100vw, 800px\" \/>\t\t\t\t\t\t\t\t\t\t\t\t\t\t\t<\/div>\n\t\t\t\t<\/div>\n\t\t\t\t\t<\/div>\n\t\t\t\t<\/div>\n\t\t\t\t<\/div>\n\t\t","protected":false},"excerpt":{"rendered":"<p>Il Pucia, in arte Lorenzo Pucci, nato a Roma il 26 settembre 1987, consegue il diploma di maturit\u00e0 scientifica al liceo scientifico Talete con il risultato di 100 centesimi. In seguito si iscrive alla facolt\u00e0 di Medicina di Roma Uno, ossia La Sapienza, sita all&#8217;Ospedale Sant&#8217;Andrea, dove passa la maggior parte della sua vita.Ottiene di [&hellip;]<\/p>\n","protected":false},"author":1,"featured_media":0,"parent":0,"menu_order":0,"comment_status":"closed","ping_status":"closed","template":"","meta":{"ngg_post_thumbnail":0,"footnotes":""},"wf_page_folders":[8],"class_list":["post-3388","page","type-page","status-publish","hentry"],"_links":{"self":[{"href":"https:\/\/alesor.synology.me\/wordpress\/index.php?rest_route=\/wp\/v2\/pages\/3388","targetHints":{"allow":["GET"]}}],"collection":[{"href":"https:\/\/alesor.synology.me\/wordpress\/index.php?rest_route=\/wp\/v2\/pages"}],"about":[{"href":"https:\/\/alesor.synology.me\/wordpress\/index.php?rest_route=\/wp\/v2\/types\/page"}],"author":[{"embeddable":true,"href":"https:\/\/alesor.synology.me\/wordpress\/index.php?rest_route=\/wp\/v2\/users\/1"}],"replies":[{"embeddable":true,"href":"https:\/\/alesor.synology.me\/wordpress\/index.php?rest_route=%2Fwp%2Fv2%2Fcomments&post=3388"}],"version-history":[{"count":4,"href":"https:\/\/alesor.synology.me\/wordpress\/index.php?rest_route=\/wp\/v2\/pages\/3388\/revisions"}],"predecessor-version":[{"id":3393,"href":"https:\/\/alesor.synology.me\/wordpress\/index.php?rest_route=\/wp\/v2\/pages\/3388\/revisions\/3393"}],"wp:attachment":[{"href":"https:\/\/alesor.synology.me\/wordpress\/index.php?rest_route=%2Fwp%2Fv2%2Fmedia&parent=3388"}],"wp:term":[{"taxonomy":"wf_page_folders","embeddable":true,"href":"https:\/\/alesor.synology.me\/wordpress\/index.php?rest_route=%2Fwp%2Fv2%2Fwf_page_folders&post=3388"}],"curies":[{"name":"wp","href":"https:\/\/api.w.org\/{rel}","templated":true}]}}