{"id":3325,"date":"2024-03-12T17:32:50","date_gmt":"2024-03-12T16:32:50","guid":{"rendered":"https:\/\/192.168.1.141\/wordpress\/?page_id=3325"},"modified":"2024-03-12T17:48:07","modified_gmt":"2024-03-12T16:48:07","slug":"i-wake-up-to-the-sound-of-music","status":"publish","type":"page","link":"https:\/\/alesor.synology.me\/wordpress\/?page_id=3325","title":{"rendered":"I WAKE UP TO THE SOUND OF MUSIC\u2026"},"content":{"rendered":"\n<p>Dopo aver firmato la biografia del Ciubo, il Kenzio, cio\u00e8 colui che sta scrivendo, comparir\u00e0 nuovamente sulle pagine di questo sito. Stavolta per\u00f2 la materia che tratter\u00f2 sar\u00e0 un po\u2019 pi\u00f9 alta, non perch\u00e8 la vita del proprietario di codesto illustre dominio non lo sia abbastanza, ma poich\u00e9 l\u2019argomento per cui immoler\u00f2 parte del mio tempo libero e delle mie energie coinvolge non una sola persona, ma una moltitudine di esistenze.<\/p>\n\n\n\n<p>Non mi stupirei se a questo punto ancora in molti non avessero capito di cosa stia parlando; \u00e8 dunque arrivato il momento di rendere anche voi partecipi del soggetto della mia trattazione:&nbsp;la Musica.&nbsp;Per&nbsp;evitare equivoci, che magari mi costringerebbero a discutere di un argomento la cui mole \u00e8 decisamente fuori dalla mia portata, specifico subito che&nbsp;la Musica&nbsp;di cui parler\u00f2 sar\u00e0 la mia Musica, non creata da me, ma da me ascoltata, apprezzata e assimilata.<\/p>\n\n\n\n<p>Il perch\u00e9 questa materia coinvolga una enorme massa di persone spero sia chiaro a tutti: dato per\u00f2 che ancora mi trovo a scrivere l\u2019introduzione del mio \u201clavoro\u201d, sar\u00e0 bene sfruttare al meglio le possibilit\u00e0 che uno scritto introduttivo offre, cio\u00e8 di esplicitare preventivamente il pensiero dell\u2019Autore e di stabilire i criteri con cui egli ha strutturato e selezionato la materia che costituisce la sua opera.<\/p>\n\n\n\n<p>Troppo semplice sarebbe affidarsi al luogo comune per cui&nbsp;la Musica&nbsp;costituisce la colonna sonora della nostra vita. Per quanto efficace, questa sorta di massima, riflette la banalit\u00e0 con cui al giorno d\u2019oggi&nbsp;la Musica&nbsp;viene ascoltata: in modo, cio\u00e8, terribilmente superficiale. Mi spiego: a trionfare nel mondo attuale non \u00e8 la musica, cio\u00e8 quella attivit\u00e0 elevata giustamente al rango di arte, che in origine rappresentava lo sforzo umano nel tentativo di riprodurre l\u2019armonia della natura attraverso il suono. Oggi a trionfare \u00e8 il testo cantato: che sia pi\u00f9 o meno profondo ed emotivamente coinvolgente, rimane a mio parere solo il primo degli strati che costituiscono un brano. Per carit\u00e0, questo metodo di fare musica ha dato vita ad una generazione di cantanti con capacit\u00e0 canore molto importanti. All\u2019opera di questi artisti manca per\u00f2 quella componente fondamentale da cui tutta la musica, contemporanea e non, nasce: l\u2019anima. Spero sarete d\u2019accordo con me se affermassi che la musica, a differenza di quasi tutte le altre manifestazioni artistiche, \u00e8 l\u2019unica in cui, una volta acquisita la conoscenza e la capacit\u00e0 di suonare un qualsiasi strumento, il sentimento prende il sopravvento sulla ragione: \u00e8 cos\u00ec che nascono il blues e il jazz, i due generi che sono alle radici della musica contemporanea e che ne costituiscono le basi teoriche. Se si pensa che a suonarli erano degli schiavi (senza virgolette, perch\u00e9 proprio questo erano i neri d\u2019Africa importati in suolo americano), mi viene da pensare quanto l\u2019umanit\u00e0 sia regredita da questo punto di vista: ma forse sbaglio. Un regresso potrebbe significare un ritorno alle origini: attualmente per\u00f2 accade esattamente l\u2019opposto, cio\u00e8 che le radici vengano completamente ignorate in favore di suoni e melodie totalmente anonime, musicalmente banali e prive di una vera e propria identit\u00e0.<\/p>\n\n\n\n<p>Insomma ragazzi, dopo tante parole, scritte in altrettanti giorni, ho perso il filo dell\u2019originale discorso e non riesco pi\u00f9 a recuperarlo: spero di ritrovarlo quando mi addentrer\u00f2 a pieno in quest\u2019avventura.<\/p>\n\n\n\n<p>Al momento sto \u201cseguendo\u201d una conferenza all\u2019universit\u00e0 ed invece di prendere appunti ho deciso di continuare questo progetto, cercando di concludere almeno l\u2019introduzione, senza cos\u00ec incappare nelle noiose sollecitazioni del Ciubo.<\/p>\n\n\n\n<p>Dunque, il criterio che seguir\u00f2 in queste \u201clezioni\u201d di musica, sar\u00e0 quello di riproporre il mio percorso musicale, che, dopo un\u2019attenta analisi, \u00e8 stato da me giudicato sufficientemente interessante. Alcune volte cercher\u00f2 di scrivere sugli artisti, ma molto pi\u00f9 spesso mi soffermer\u00f2 sulle singole canzoni, per il semplice motivo che nella discografia di un gruppo o di un solista, a contare veramente (esclusi alcuni casi) sono solo pochi pezzi, che molto frequentemente si rivelano essere anche i pi\u00f9 celebri.<\/p>\n\n\n\n<p>Per porre la parola fine a questo breve scritto, risponder\u00f2 alla domanda che sono sicuro in molti si stanno ponendo mentre leggono queste righe: \u201cma per quale motivo il Kenzio dovrebbe essere in grado di impartirci lezioni di musica?\u201d.<\/p>\n\n\n\n<p>Chiamatemi presuntuoso, ma ritengo la mia cultura musicale una di quelle tre o quattro cose di cui andare veramente fiero, e, chiamatemi stronzo, considerando il livello medio di conoscenze musicali all\u2019interno del nostro gruppo, credo di essere l\u2019unico adatto a questo compito: le eccezioni che confermano la regola non tarderanno a ricevere richieste di collaborazione.<\/p>\n\n\n\n<p>Per una settimana accetter\u00f2 critiche, proposte, commenti, insulti e soprattutto risponder\u00f2 alle domande sul perch\u00e9 mi sono auto-eletto garante di verit\u00e0 assoluta in campo musicale: dopo questo tempo inizier\u00f2 la prima puntata di una (spero) lunga serie.<\/p>\n\n\n\n<p>Saluti a tutti!<\/p>\n\n\n\n<figure class=\"wp-block-image size-large\"><img fetchpriority=\"high\" decoding=\"async\" width=\"1024\" height=\"579\" src=\"https:\/\/192.168.1.141\/wordpress\/wp-content\/uploads\/2024\/03\/Screenshot-2024-03-12-alle-17.32.41-1024x579.png\" alt=\"\" class=\"wp-image-3330\" srcset=\"https:\/\/alesor.synology.me\/wordpress\/wp-content\/uploads\/2024\/03\/Screenshot-2024-03-12-alle-17.32.41-1024x579.png 1024w, https:\/\/alesor.synology.me\/wordpress\/wp-content\/uploads\/2024\/03\/Screenshot-2024-03-12-alle-17.32.41-300x170.png 300w, https:\/\/alesor.synology.me\/wordpress\/wp-content\/uploads\/2024\/03\/Screenshot-2024-03-12-alle-17.32.41-768x434.png 768w, https:\/\/alesor.synology.me\/wordpress\/wp-content\/uploads\/2024\/03\/Screenshot-2024-03-12-alle-17.32.41-1536x868.png 1536w, https:\/\/alesor.synology.me\/wordpress\/wp-content\/uploads\/2024\/03\/Screenshot-2024-03-12-alle-17.32.41-2048x1158.png 2048w\" sizes=\"(max-width: 1024px) 100vw, 1024px\" \/><\/figure>\n\n\n\n<figure class=\"wp-block-image size-large\"><img decoding=\"async\" width=\"1024\" height=\"551\" src=\"https:\/\/192.168.1.141\/wordpress\/wp-content\/uploads\/2024\/03\/Screenshot-2024-03-12-alle-17.32.29-1024x551.png\" alt=\"\" class=\"wp-image-3331\" srcset=\"https:\/\/alesor.synology.me\/wordpress\/wp-content\/uploads\/2024\/03\/Screenshot-2024-03-12-alle-17.32.29-1024x551.png 1024w, https:\/\/alesor.synology.me\/wordpress\/wp-content\/uploads\/2024\/03\/Screenshot-2024-03-12-alle-17.32.29-300x162.png 300w, https:\/\/alesor.synology.me\/wordpress\/wp-content\/uploads\/2024\/03\/Screenshot-2024-03-12-alle-17.32.29-768x414.png 768w, https:\/\/alesor.synology.me\/wordpress\/wp-content\/uploads\/2024\/03\/Screenshot-2024-03-12-alle-17.32.29-1536x827.png 1536w, https:\/\/alesor.synology.me\/wordpress\/wp-content\/uploads\/2024\/03\/Screenshot-2024-03-12-alle-17.32.29-2048x1103.png 2048w\" sizes=\"(max-width: 1024px) 100vw, 1024px\" \/><\/figure>\n\n\n\n<figure class=\"wp-block-image size-large\"><img decoding=\"async\" width=\"1024\" height=\"572\" src=\"https:\/\/192.168.1.141\/wordpress\/wp-content\/uploads\/2024\/03\/Screenshot-2024-03-12-alle-17.32.19-1024x572.png\" alt=\"\" class=\"wp-image-3332\" srcset=\"https:\/\/alesor.synology.me\/wordpress\/wp-content\/uploads\/2024\/03\/Screenshot-2024-03-12-alle-17.32.19-1024x572.png 1024w, https:\/\/alesor.synology.me\/wordpress\/wp-content\/uploads\/2024\/03\/Screenshot-2024-03-12-alle-17.32.19-300x168.png 300w, https:\/\/alesor.synology.me\/wordpress\/wp-content\/uploads\/2024\/03\/Screenshot-2024-03-12-alle-17.32.19-768x429.png 768w, https:\/\/alesor.synology.me\/wordpress\/wp-content\/uploads\/2024\/03\/Screenshot-2024-03-12-alle-17.32.19-1536x858.png 1536w, https:\/\/alesor.synology.me\/wordpress\/wp-content\/uploads\/2024\/03\/Screenshot-2024-03-12-alle-17.32.19-2048x1145.png 2048w\" sizes=\"(max-width: 1024px) 100vw, 1024px\" \/><\/figure>\n","protected":false},"excerpt":{"rendered":"<p>Dopo aver firmato la biografia del Ciubo, il Kenzio, cio\u00e8 colui che sta scrivendo, comparir\u00e0 nuovamente sulle pagine di questo sito. Stavolta per\u00f2 la materia che tratter\u00f2 sar\u00e0 un po\u2019 pi\u00f9 alta, non perch\u00e8 la vita del proprietario di codesto illustre dominio non lo sia abbastanza, ma poich\u00e9 l\u2019argomento per cui immoler\u00f2 parte del mio [&hellip;]<\/p>\n","protected":false},"author":1,"featured_media":0,"parent":0,"menu_order":0,"comment_status":"closed","ping_status":"closed","template":"","meta":{"ngg_post_thumbnail":0,"footnotes":""},"wf_page_folders":[7],"class_list":["post-3325","page","type-page","status-publish","hentry"],"_links":{"self":[{"href":"https:\/\/alesor.synology.me\/wordpress\/index.php?rest_route=\/wp\/v2\/pages\/3325","targetHints":{"allow":["GET"]}}],"collection":[{"href":"https:\/\/alesor.synology.me\/wordpress\/index.php?rest_route=\/wp\/v2\/pages"}],"about":[{"href":"https:\/\/alesor.synology.me\/wordpress\/index.php?rest_route=\/wp\/v2\/types\/page"}],"author":[{"embeddable":true,"href":"https:\/\/alesor.synology.me\/wordpress\/index.php?rest_route=\/wp\/v2\/users\/1"}],"replies":[{"embeddable":true,"href":"https:\/\/alesor.synology.me\/wordpress\/index.php?rest_route=%2Fwp%2Fv2%2Fcomments&post=3325"}],"version-history":[{"count":3,"href":"https:\/\/alesor.synology.me\/wordpress\/index.php?rest_route=\/wp\/v2\/pages\/3325\/revisions"}],"predecessor-version":[{"id":3333,"href":"https:\/\/alesor.synology.me\/wordpress\/index.php?rest_route=\/wp\/v2\/pages\/3325\/revisions\/3333"}],"wp:attachment":[{"href":"https:\/\/alesor.synology.me\/wordpress\/index.php?rest_route=%2Fwp%2Fv2%2Fmedia&parent=3325"}],"wp:term":[{"taxonomy":"wf_page_folders","embeddable":true,"href":"https:\/\/alesor.synology.me\/wordpress\/index.php?rest_route=%2Fwp%2Fv2%2Fwf_page_folders&post=3325"}],"curies":[{"name":"wp","href":"https:\/\/api.w.org\/{rel}","templated":true}]}}